f u?
13, 23
Suppose -23*h - 192 = -26*h. What are the prime factors of h?
2
Let w(b) = 4*b - 3. Let n be w(4). Let y = 0 + n. What are the prime factors of y?
13
Suppose 0 = 5*f - h - 16, -f + 0*f + 2*h - 4 = 0. Suppose -f*p - 4*w + 24 = 0, -2*p - 5*w + 22 = 2*p. What are the prime factors of p?
2
Let o = 491 - 234. What are the prime factors of o?
257
Suppose -9*j + 41 = -562. List the prime factors of j.
67
Let u = 54 - 33. List the prime factors of u.
3, 7
Suppose -p - 113 = -7*j + 6*j, 2*j - 228 = p. List the prime factors of j.
5, 23
Suppose 5*x - x = 72. Let k = x - 10. List the prime factors of k.
2
Let q(a) = -a + 23. Let s be q(11). Suppose -s = -i - i. What are the prime factors of i?
2, 3
Let d = -4 + 11. List the prime factors of d.
7
Let p(g) be the first derivative of -g**6/360 + g**5/120 + g**4/8 + g**3/3 - 1. Let a(k) be the third derivative of p(k). List the prime factors of a(0).
3
Suppose -2*f = 3*d + 3, -4*d + d - f = 0. Let s be 14*d/(-2)*-1. Suppose 9 = -2*y + 4*y - 3*k, y + k = s. List the prime factors of y.
2, 3
Let g be (-1 + -2)*(-6 - -5). Suppose g*b = 4*f - 32, 5*b - b - 2*f + 26 = 0. Let h = b + 8. List the prime factors of h.
2
Let g(b) = 9*b**3 + 1. Suppose -2*i = -2 - 2. Let d be 1/(i + -1) + 0. What are the prime factors of g(d)?
2, 5
Let z be (-4)/(-12) + 386/(-6). Let p be (0 + (-3)/4)*z. Suppose -b - 42 = 3*x - 8*x, p = 5*x + b. What are the prime factors of x?
3
Let n = 10 + -8. Suppose -6*q = n*t - q - 35, 4*q = 4. List the prime factors of t.
3, 5
Suppose -9*z + 25 = -4*z. Suppose -3*o = -3*w + 159, 3*o + 310 = z*w + 41. What are the prime factors of w?
5, 11
Suppose -108 = -2*q - 2*q. What are the prime factors of q?
3
Suppose -62 = -2*f + 44. Let d = 93 - f. Suppose 0 = -3*m - m + d. List the prime factors of m.
2, 5
Let p(m) = 2*m - 3. Let d = 13 + -9. Let o be p(d). Suppose -o*z = -30 - 0. List the prime factors of z.
2, 3
Let y = 16 - 11. Suppose -y*s = 2*o - 40, -5*o + 5*s - 3*s = -42. List the prime factors of o.
2, 5
Suppose 0 = -3*u + 4*v + 60, -u + 2*v = v - 19. What are the prime factors of u?
2
Suppose -3*a = -4*a. Suppose 0*z - 27 = 2*z + 5*o, -z - 5*o - 26 = a. What are the prime factors of (z + 3)*39/6?
13
Suppose 64 = 3*r - 59. List the prime factors of r.
41
Let p(w) = -w - w**2 + w - 4*w. Let q be p(-4). Suppose -5*k + 8 + 12 = q. List the prime factors of k.
2
Let u(j) = -3*j**2 - 4*j + 1. Let i be u(-2). What are the prime factors of 1 - (48/(-3) - i)?
2, 7
Let v be (24/(-20))/((-4)/10). Suppose v*q + 4*l = -26, 5*q + 2*l = -49 + 1. List the prime factors of (-2)/5 - 44/q.
2
Let g(s) be the first derivative of s**3/3 + 9*s**2/2 + 8*s - 1. Let f be g(-6). List the prime factors of (-34)/f - (-8)/(-20).
3
Let z(b) = b**3 + b**2 - b - 2. Let j(d) = -d**3 - 7*d**2 - 5*d + 2. Let s be j(-6). Let a be 16/10 - s/10. What are the prime factors of z(a)?
2
Suppose -4*p = -3*p. Suppose -a + 3*n + 1 = p, 4*n + 18 = 4*a + 6*n. What are the prime factors of a?
2
Let h(y) = y**2 + 6*y - 7. Let s be h(-5). Let n = s + 20. Suppose -2*w - 3*p = -7, -2*w + 0*w - 4*p + n = 0. What are the prime factors of w?
2
Let a(t) = 7*t**2 + 6*t**2 + 5 - 4 - 2. Suppose 3*v = -3*c, -v - 5 = 3*c - 3*v. What are the prime factors of a(c)?
2, 3
Let x = 1 - 0. Let y be x + 0*3/(-6). What are the prime factors of y/(-3) + (-56)/(-6)?
3
Let y(m) = -m**2 - 6*m - 7. Let b be y(-3). Suppose -b*q + 66 = -0*q. What are the prime factors of q?
3, 11
Let s(z) = z**3 + 8*z**2 - z + 3. Let d = -18 + 42. Suppose 0 = -b + 4*b + d. List the prime factors of s(b).
11
Suppose 3*s - f = 125, -5*f + 1 = -4*f. What are the prime factors of s?
2, 3, 7
Let i = -26 - -147. List the prime factors of i.
11
List the prime factors of (-40)/(-12)*(-192)/(-2).
2, 5
Suppose 0 = 2*a - 24 - 14. Let i = a - 11. What are the prime factors of i?
2
Suppose -2*f - 3*i + 52 = 5, -12 = 4*i. Let j = 0 + -14. Let q = j + f. List the prime factors of q.
2, 7
Suppose -4 = 4*h + 28. Let r = 24 + -14. Let f = h + r. List the prime factors of f.
2
Suppose -k = 4*w - 3, -2*w = -3*k - k - 24. Let b be 0*(5/w + -3). Suppose b*v + 25 = 5*v. List the prime factors of v.
5
Let l(p) = 12*p**3 - 3*p**2 + 2*p + 2. Let r be l(2). Suppose 0*q - r = -3*q. List the prime factors of q.
2, 3, 5
Let p = -14 - -8. List the prime factors of (4 + 0)/(p/(-24)).
2
List the prime factors of 670/18 - 10/45.
37
Let y be 0/(5 - (3 + 0)). Let n be (4/5)/((-2)/(-25)). Let h = n + y. What are the prime factors of h?
2, 5
Let b be (3*-2)/((-2)/42). Let m be b/8 + (-4)/(-16). Suppose 0 = -5*k + s + m, 0*k - 4*k = 4*s - 32. What are the prime factors of k?
2
Suppose 4*c - 10 = -2. What are the prime factors of (10/4 - c)*14?
7
Let z(p) = -3*p**3 - 9*p**2 - 13*p - 12. What are the prime factors of z(-5)?
7, 29
Suppose d = -2*t + 7*t + 32, -t - 4*d - 19 = 0. Let y = t + 16. List the prime factors of (-3)/y*(-1 - 20).
7
Let c(r) = 3 - r**2 - 2 - r + 4*r. Let g be c(2). Suppose -n - 2*i = -22, -g*n = 2*i - 46 - 4. What are the prime factors of n?
2, 7
Let y(o) = -o**2 - 6*o - 4. Let b be 2 - -2 - (1 - 0). Suppose -2*m - 2*j - 10 = 0, 3*m - m = b*j - 5. List the prime factors of y(m).
2
Let s be ((-20)/(-2) + -3)*4. Suppose -s = -4*u - 5*p, -4*u + 3*p - 1 = 3. List the prime factors of u.
2
Let f be (-1)/(-1 - (-8)/12). Suppose b - 3*l - 12 = 0, 0 = 2*b + 2*l - 53 - f. What are the prime factors of b?
2, 3
Suppose -38 = -4*w + 2*w. List the prime factors of w.
19
Let c = 17 - 12. Let i(x) = -x**3 + 6*x**2 - 6*x + 1. Let y be i(c). Let h(a) = 2*a**2 + 4*a - 3. What are the prime factors of h(y)?
13
Let w(s) = s**2 + s. Let j be w(-2). Suppose j*i = -2*d - 3*i + 67, 0 = 5*d + 5*i - 175. Suppose 0 = h + 3*h - d. What are the prime factors of h?
3
Suppose 3*s - 5*q - 247 = -6*q, -4*q = 2*s - 148. List the prime factors of s.
2, 3, 7
Let p(n) = -13*n**2 - 2. Let b be p(-2). Let c = b + 78. What are the prime factors of c?
2, 3
Let f = 37 + -25. Let l be -2 + 2 + 2 - -30. Suppose f = 4*h - l. List the prime factors of h.
11
Let s be (1 + -1)/(3/(-1)). List the prime factors of 1 - 26/(-2 - s).
2, 7
Suppose -6*l + 21 = 3. List the prime factors of l.
3
Suppose -489 = -2*f + 3*u, 0*f - f + 243 = -3*u. What are the prime factors of f?
2, 3, 41
Let x be 62/4 + (-1)/2. Suppose -x = -2*j + j. What are the prime factors of j?
3, 5
Suppose 2*a = -4*s + 34, -3*s + 1 = -a - 2. What are the prime factors of a?
3
Let h = -26 - -100. What are the prime factors of h?
2, 37
Suppose 2*d = -d - 24. Let n(m) = -m - 5. List the prime factors of n(d).
3
Suppose -4*f = -3*v + 8*v - 1390, 4*v = -4*f + 1116. List the prime factors of v.
2, 137
Let z = 8 + -20. Let w = 24 + z. What are the prime factors of w?
2, 3
Let y(s) = -s - 2. Let b be y(-4). Suppose -f - b*f + 12 = 0. Let m(k) = -k**3 + 5*k**2 - 3*k. What are the prime factors of m(f)?
2
Suppose -10*v + 280 = -2*v. What are the prime factors of v?
5, 7
Suppose 3*l = -l + 16. Suppose 0 = -4*k + 3*k + 61. Suppose 3*w + k = 4*g, 5*w - 69 = -l*g - 0*w. What are the prime factors of g?
2
Let n(q) = q**3 + 4*q**2 - 4*q + 1. What are the prime factors of n(-4)?
17
Let m(f) be the third derivative of -1/2*f**3 + f**2 + 1/6*f**4 + 0*f + 0. What are the prime factors of m(3)?
3
Let w = -1 - -18. List the prime factors of w.
17
Suppose f = -3*l - 22, -3*l - 18 = 5*f - 8*f. Let k = l - -17. List the prime factors of k.
2, 5
Suppose -3*t = -4*t + 4*s - 4, 0 = -5*t - 2*s + 24. Suppose 0 = -2*b - y - 34, -t*b - y - 3*y - 64 = 0. Let c = -6 - b. What are the prime factors of c?
2, 3
Let q(o) = 6*o + 38. Let f(x) = -2*x - 13. Let k(p) = -14*f(p) - 5*q(p). What are the prime factors of k(-6)?
2
Let v be (1 - -1)/((-2)/(-3)). Let p(f) = 0*f - 2*f**3 - f - 3*f**2 + 6 - 3*f**2 + f**v. List the prime factors of p(-6).
2, 3
Suppose 0 = -y - 2*x - 2, 4*x - 8 = -5*y + 3*x. Suppose 0 = 3*c + u - 21 - 29, 2*u - 28 = -y*c. What are the prime factors of c?
2, 3
Let l = 0 + 0. Suppose q + 35 = -4*i + 118, 2*i + 4*q - 52 = l. Suppose i = -b + 6*b. List the prime factors of b.
2
Suppose 3*x - 5*o - 74 = 0, 0 = 5*x - 2*x - 4*o - 76. What are the prime factors of x?
2, 7
Let y(c) = 6*c - 18. Let m(i) = 3*i - 9. Let b(j) = 5*m(j) - 2*y(j). List the prime factors of b(5).
2, 3
Suppose 0 = 5*f - q - 456,